{"id":5,"date":"2012-04-08T21:17:19","date_gmt":"2012-04-08T21:17:19","guid":{"rendered":"http:\/\/www.fredo.fr\/?page_id=5"},"modified":"2023-08-09T21:06:46","modified_gmt":"2023-08-09T21:06:46","slug":"presentation","status":"publish","type":"page","link":"https:\/\/fred.letellier.org\/","title":{"rendered":"Accueil et pr\u00e9sentation"},"content":{"rendered":"<div align=\"justify\">\nBienvenue sur mon site personnel !<\/p>\n<p><strong><u>Mon adresse \u00e9lectronique<\/u><\/strong><br \/>\nSi vous souhaitez me contacter, le plus simple est de le faire par mail, \u00e0 l&rsquo;adresse : <strong><a href=\"mailto:frederic@letellier.org\">frederic@letellier.org<\/a><\/strong><br \/>\nMerci d&rsquo;utiliser exclusivement \u00e0 cette adresse pour m&rsquo;\u00e9crire. A noter que la taille limite des mails que je peux recevoir est de 20 Mo.<\/p>\n<p><strong><u>Messageries instantan\u00e9es avec webcam<\/u><\/strong><br \/>\nIl est parfois possible de me voir connect\u00e9 sur Skype :<br \/>\nAdresse Skype : <strong>fredo_l1<\/strong><\/p>\n<p><strong><u>Forum auquel je participe<\/u><\/strong><br \/>\nJe suis principalement pr\u00e9sent sur le forum suivant : <a href=\"https:\/\/forum.abandonware.org\">Forum Abandonware<\/a><\/p>\n<p><strong><u>R\u00e9seaux sociaux<\/u><\/strong><br \/>\nVous pouvez me retrouver sur les r\u00e9seaux sociaux suivants :<br \/>\n<a href=\"https:\/\/www.facebook.com\/letellierfred\/\">Facebook<\/a><br \/>\n<a href=\"https:\/\/twitter.com\/Fredo_L\">Twitter<\/a><\/p>\n<p><strong><u>Mon identifiant et avatar<\/u><\/strong><br \/>\nEn principe, j&rsquo;utilise toujours le m\u00eame pseudo sur Internet, \u00e0 savoir <strong>Fredo_L<\/strong><br \/>\nLes avatars que je t&rsquo;ulise g\u00e9n\u00e9ralement sur les forums sont :<br \/>\n<img loading=\"lazy\" decoding=\"async\" class=\"alignnone size-full wp-image-46\" title=\"avatar1\" src=\"\/wp-content\/uploads\/2012\/04\/avatar1.gif\" alt=\"\" width=\"82\" height=\"141\"> &nbsp; &nbsp; <img loading=\"lazy\" decoding=\"async\" class=\"alignnone size-full wp-image-47\" title=\"avatar2\" src=\"\/wp-content\/uploads\/2012\/04\/avatar2.jpg\" alt=\"\" width=\"246\" height=\"196\"><br \/>\nSi j&rsquo;utilise l&rsquo;image de Basile, le disciple de L\u00e9onard, c&rsquo;est que tout comme lui, j&rsquo;aime la science \ud83d\ude42\n<\/div>\n","protected":false},"excerpt":{"rendered":"<p>Bienvenue sur mon site personnel ! Mon adresse \u00e9lectronique Si vous souhaitez me contacter, le plus simple est de le faire par mail, \u00e0 l&rsquo;adresse : frederic@letellier.org Merci d&rsquo;utiliser exclusivement \u00e0 cette adresse pour m&rsquo;\u00e9crire. A noter que la taille &hellip; <a href=\"https:\/\/fred.letellier.org\/\">Continuer la lecture <span class=\"meta-nav\">&rarr;<\/span><\/a><\/p>\n","protected":false},"author":1,"featured_media":0,"parent":0,"menu_order":0,"comment_status":"closed","ping_status":"closed","template":"","meta":{"footnotes":""},"class_list":["post-5","page","type-page","status-publish","hentry"],"_links":{"self":[{"href":"https:\/\/fred.letellier.org\/index.php?rest_route=\/wp\/v2\/pages\/5","targetHints":{"allow":["GET"]}}],"collection":[{"href":"https:\/\/fred.letellier.org\/index.php?rest_route=\/wp\/v2\/pages"}],"about":[{"href":"https:\/\/fred.letellier.org\/index.php?rest_route=\/wp\/v2\/types\/page"}],"author":[{"embeddable":true,"href":"https:\/\/fred.letellier.org\/index.php?rest_route=\/wp\/v2\/users\/1"}],"replies":[{"embeddable":true,"href":"https:\/\/fred.letellier.org\/index.php?rest_route=%2Fwp%2Fv2%2Fcomments&post=5"}],"version-history":[{"count":26,"href":"https:\/\/fred.letellier.org\/index.php?rest_route=\/wp\/v2\/pages\/5\/revisions"}],"predecessor-version":[{"id":3456,"href":"https:\/\/fred.letellier.org\/index.php?rest_route=\/wp\/v2\/pages\/5\/revisions\/3456"}],"wp:attachment":[{"href":"https:\/\/fred.letellier.org\/index.php?rest_route=%2Fwp%2Fv2%2Fmedia&parent=5"}],"curies":[{"name":"wp","href":"https:\/\/api.w.org\/{rel}","templated":true}]}}